{"id":2,"date":"2024-07-09T12:12:25","date_gmt":"2024-07-09T12:12:25","guid":{"rendered":"https:\/\/pssstterapi.dk\/?page_id=2"},"modified":"2024-08-04T13:54:52","modified_gmt":"2024-08-04T13:54:52","slug":"sample-page","status":"publish","type":"page","link":"https:\/\/pssstterapi.dk\/?page_id=2","title":{"rendered":"Hvem er jeg?"},"content":{"rendered":"\n<figure class=\"wp-block-image size-large\"><img loading=\"lazy\" decoding=\"async\" width=\"1024\" height=\"768\" src=\"https:\/\/pssstterapi.dk\/wp-content\/uploads\/2024\/07\/IMG_9172-1-1024x768.jpg\" alt=\"\" class=\"wp-image-24\" srcset=\"https:\/\/pssstterapi.dk\/wp-content\/uploads\/2024\/07\/IMG_9172-1-1024x768.jpg 1024w, https:\/\/pssstterapi.dk\/wp-content\/uploads\/2024\/07\/IMG_9172-1-300x225.jpg 300w, https:\/\/pssstterapi.dk\/wp-content\/uploads\/2024\/07\/IMG_9172-1-768x576.jpg 768w, https:\/\/pssstterapi.dk\/wp-content\/uploads\/2024\/07\/IMG_9172-1-1536x1152.jpg 1536w, https:\/\/pssstterapi.dk\/wp-content\/uploads\/2024\/07\/IMG_9172-1-2048x1536.jpg 2048w\" sizes=\"auto, (max-width: 1024px) 100vw, 1024px\" \/><\/figure>\n\n\n\n<p>Mit navn er Flemming Larsen. Jeg er uddannet NLP Master Practitioner og er fortsat i gang (p\u00e5 3. \u00e5r) med at l\u00e6se til NLP Psykoterapeut. Jeg forventer at blive f\u00e6rdig i efter\u00e5ret 2025.<\/p>\n\n\n\n<p>Oprindeligt er jeg uddannet jurist, men valgte i samr\u00e5d med min familie at \u00e6ndre mit arbejdsliv, hvor jeg p\u00e5 en eller anden m\u00e5de var k\u00f8rt fast i daglige arbejdsrutiner og opgaver.<\/p>\n\n\n\n<p>Den nye vej, jeg valgte, var mere uddannelse. En vej, som jeg har g\u00e5et p\u00e5 mange gange i mit arbejdsliv, og som har f\u00f8rt mig mange steder hen. Uddannet mass\u00f8r, fagjournalist, leder, master i offentlig politik og ejendomsm\u00e6gler er blot nogle af de andre uddannelser, jeg har taget gennem \u00e5rene. Den st\u00f8rste del af mit liv har jeg dog arbejdet i statslige og kommunale organisationer b\u00e5de her i landet, men ogs\u00e5 i udlandet, blandt andet Litauen, Tjekkiet og Polen. Men jeg har ogs\u00e5 arbejdet p\u00e5 slagteri, kagefabrik, v\u00e6ret postbud og geotekniker.<\/p>\n\n\n\n<figure class=\"wp-block-image size-large\"><img loading=\"lazy\" decoding=\"async\" width=\"576\" height=\"1024\" src=\"https:\/\/pssstterapi.dk\/wp-content\/uploads\/2024\/07\/vandstraale-576x1024.jpg\" alt=\"\" class=\"wp-image-41\" srcset=\"https:\/\/pssstterapi.dk\/wp-content\/uploads\/2024\/07\/vandstraale-576x1024.jpg 576w, https:\/\/pssstterapi.dk\/wp-content\/uploads\/2024\/07\/vandstraale-169x300.jpg 169w, https:\/\/pssstterapi.dk\/wp-content\/uploads\/2024\/07\/vandstraale.jpg 720w\" sizes=\"auto, (max-width: 576px) 100vw, 576px\" \/><\/figure>\n\n\n\n<p><\/p>\n\n\n\n<div class=\"wp-block-group has-global-padding is-layout-constrained wp-block-group-is-layout-constrained\">\n<div class=\"wp-block-group is-vertical is-content-justification-center is-layout-flex wp-container-core-group-is-layout-838cd1cc wp-block-group-is-layout-flex\" style=\"padding-top:var(--wp--preset--spacing--40);padding-bottom:var(--wp--preset--spacing--50)\"><div class=\"is-default-size wp-block-site-logo\"><a href=\"https:\/\/pssstterapi.dk\/\" class=\"custom-logo-link\" rel=\"home\"><img loading=\"lazy\" decoding=\"async\" width=\"800\" height=\"361\" src=\"https:\/\/pssstterapi.dk\/wp-content\/uploads\/2024\/07\/finalm.jpg\" class=\"custom-logo\" alt=\"Pssst Psykoterapi &amp; Coaching\" srcset=\"https:\/\/pssstterapi.dk\/wp-content\/uploads\/2024\/07\/finalm.jpg 800w, https:\/\/pssstterapi.dk\/wp-content\/uploads\/2024\/07\/finalm-300x135.jpg 300w, https:\/\/pssstterapi.dk\/wp-content\/uploads\/2024\/07\/finalm-768x347.jpg 768w\" sizes=\"auto, (max-width: 800px) 100vw, 800px\" \/><\/a><\/div>\n\n<p class=\"wp-block-site-tagline\">Er du klar til forandringer?<\/p>\n\n<footer class=\"wp-block-template-part\">\n<p class=\"has-text-align-left has-small-font-size\">Tlf: 60592704  \/ Mail: kontakt@pssstterapi.dk<\/p>\n<\/footer>\n\n\n<p class=\"has-text-align-center has-secondary-color has-text-color has-link-color has-small-font-size wp-elements-c04d1eb07621d3e55b93fd705b6e6bac\">\n\tDesigned with <a href=\"https:\/\/wordpress.org\" rel=\"nofollow\">WordPress<\/a>\t<\/p>\n<\/div>\n<\/div>\n","protected":false},"excerpt":{"rendered":"<p>Mit navn er Flemming Larsen. Jeg er uddannet NLP Master Practitioner og er fortsat i gang (p\u00e5 3. \u00e5r) med at l\u00e6se til NLP Psykoterapeut. Jeg forventer at blive f\u00e6rdig i efter\u00e5ret 2025. Oprindeligt er jeg uddannet jurist, men valgte i samr\u00e5d med min familie at \u00e6ndre mit arbejdsliv, hvor jeg p\u00e5 en eller anden [&hellip;]<\/p>\n","protected":false},"author":1,"featured_media":24,"parent":0,"menu_order":0,"comment_status":"closed","ping_status":"open","template":"","meta":{"footnotes":""},"class_list":["post-2","page","type-page","status-publish","has-post-thumbnail","hentry"],"_links":{"self":[{"href":"https:\/\/pssstterapi.dk\/index.php?rest_route=\/wp\/v2\/pages\/2","targetHints":{"allow":["GET"]}}],"collection":[{"href":"https:\/\/pssstterapi.dk\/index.php?rest_route=\/wp\/v2\/pages"}],"about":[{"href":"https:\/\/pssstterapi.dk\/index.php?rest_route=\/wp\/v2\/types\/page"}],"author":[{"embeddable":true,"href":"https:\/\/pssstterapi.dk\/index.php?rest_route=\/wp\/v2\/users\/1"}],"replies":[{"embeddable":true,"href":"https:\/\/pssstterapi.dk\/index.php?rest_route=%2Fwp%2Fv2%2Fcomments&post=2"}],"version-history":[{"count":5,"href":"https:\/\/pssstterapi.dk\/index.php?rest_route=\/wp\/v2\/pages\/2\/revisions"}],"predecessor-version":[{"id":102,"href":"https:\/\/pssstterapi.dk\/index.php?rest_route=\/wp\/v2\/pages\/2\/revisions\/102"}],"wp:featuredmedia":[{"embeddable":true,"href":"https:\/\/pssstterapi.dk\/index.php?rest_route=\/wp\/v2\/media\/24"}],"wp:attachment":[{"href":"https:\/\/pssstterapi.dk\/index.php?rest_route=%2Fwp%2Fv2%2Fmedia&parent=2"}],"curies":[{"name":"wp","href":"https:\/\/api.w.org\/{rel}","templated":true}]}}